
1
What is the units digit of 2289?
9
What is the ten thousands digit of 82737?
8
What is the hundreds digit of 8220?
2
What is the tens digit of 1338?
3
What is the hundreds digit of 452?
4
What is the tens digit of 1427?
2
What is the hundreds digit of 8261?
2
What is the hundreds digit of 3010?
0
What is the hundreds digit of 6820?
8
What is the thousands digit of 1364?
1
What is the units digit of 1228?
8
What is the ten thousands digit of 25194?
2
What is the thousands digit of 77613?
7
What is the ten thousands digit of 33513?
3
What is the units digit of 741?
1
What is the units digit of 12546?
6
What is the units digit of 33309?
9
What is the units digit of 42?
2
What is the units digit of 5243?
3
What is the hundreds digit of 3397?
3
What is the tens digit of 2126?
2
What is the hundreds digit of 572?
5
What is the units digit of 452?
2
What is the hundreds digit of 243?
2
What is the units digit of 45220?
0
What is the thousands digit of 21461?
1
What is the thousands digit of 81112?
1
What is the units digit of 393?
3
What is the units digit of 4626?
6
What is the ten thousands digit of 39142?
3
What is the tens digit of 5741?
4
What is the units digit of 2367?
7
What is the tens digit of 7629?
2
What is the thousands digit of 87336?
7
What is the units digit of 7044?
4
What is the ten thousands digit of 11818?
1
What is the thousands digit of 124008?
4
What is the ten thousands digit of 22523?
2
What is the thousands digit of 2540?
2
What is the hundreds digit of 2334?
3
What is the thousands digit of 1200?
1
What is the thousands digit of 30913?
0
What is the tens digit of 753?
5
What is the hundreds digit of 558?
5
What is the hundreds digit of 680?
6
What is the hundreds digit of 1003?
0
What is the units digit of 11590?
0
What is the thousands digit of 2032?
2
What is the hundreds digit of 695?
6
What is the tens digit of 425?
2
What is the thousands digit of 3067?
3
What is the thousands digit of 49570?
9
What is the hundreds digit of 17952?
9
What is the units digit of 1230?
0
What is the thousands digit of 2805?
2
What is the thousands digit of 30100?
0
What is the tens digit of 71709?
0
What is the units digit of 2597?
7
What is the thousands digit of 59332?
9
What is the tens digit of 6685?
8
What is the tens digit of 52704?
0
What is the ten thousands digit of 120532?
2
What is the tens digit of 1399?
9
What is the tens digit of 3266?
6
What is the tens digit of 126?
2
What is the tens digit of 4224?
2
What is the units digit of 10578?
8
What is the hundreds digit of 40681?
6
What is the tens digit of 96884?
8
What is the units digit of 1497?
7
What is the tens digit of 28934?
3
What is the tens digit of 11599?
9
What is the ten thousands digit of 23689?
2
What is the hundreds digit of 3009?
0
What is the units digit of 399?
9
What is the thousands digit of 6310?
6
What is the hundreds digit of 839?
8
What is the tens digit of 4532?
3
What is the hundreds digit of 2651?
6
What is the tens digit of 8872?
7
What is the hundreds digit of 2721?
7
What is the hundreds digit of 535?
5
What is the thousands digit of 24287?
4
What is the hundreds digit of 39753?
7
What is the tens digit of 70811?
1
What is the ten thousands digit of 145057?
4
What is the tens digit of 22789?
8
What is the units digit of 28604?
4
What is the ten thousands digit of 21952?
2
What is the tens digit of 1057?
5
What is the units digit of 2999?
9
What is the tens digit of 7522?
2
What is the hundreds digit of 1760?
7
What is the hundreds digit of 48837?
8
What is the hundreds digit of 22798?
7
What is the units digit of 498?
8
What is the hundreds digit of 6250?
2
What is the thousands digit of 47546?
7
What is the ten thousands digit of 34096?
3
What is the tens digit of 36764?
6
What is the hundreds digit of 657?
6
What is the thousands digit of 1375?
1
What is the hundreds digit of 8908?
9
What is the units digit of 1321?
1
What is the units digit of 3020?
0
What is the tens digit of 1002?
0
What is the tens digit of 4769?
6
What is the ten thousands digit of 22861?
2
What is the units digit of 1604?
4
What is the tens digit of 4925?
2
What is the units digit of 19990?
0
What is the units digit of 1224?
4
What is the thousands digit of 29622?
9
What is the thousands digit of 5035?
5
What is the hundreds digit of 16996?
9
What is the thousands digit of 15064?
5
What is the thousands digit of 1250?
1
What is the tens digit of 9529?
2
What is the units digit of 247?
7
What is the tens digit of 29858?
5
What is the thousands digit of 17879?
7
What is the tens digit of 1071?
7
What is the units digit of 8674?
4
What is the tens digit of 15580?
8
What is the tens digit of 144892?
9
What is the tens digit of 4984?
8
What is the units digit of 478?
8
What is the thousands digit of 1370?
1
What is the hundreds digit of 108?
1
What is the units digit of 14936?
6
What is the tens digit of 6008?
0
What is the tens digit of 19307?
0
What is the hundreds digit of 15276?
2
What is the hundreds digit of 1134?
1
What is the units digit of 10543?
3
What is the thousands digit of 5399?
5
What is the units digit of 20617?
7
What is the units digit of 98430?
0
What is the tens digit of 955?
5
What is the hundreds digit of 137005?
0
What is the units digit of 9527?
7
What is the units digit of 22427?
7
What is the tens digit of 40768?
6
What is the hundreds digit of 1402?
4
What is the tens digit of 4410?
1
What is the ten thousands digit of 64622?
6
What is the hundreds digit of 2756?
7
What is the ten thousands digit of 10025?
1
What is the tens digit of 1018?
1
What is the units digit of 4174?
4
What is the thousands digit of 2979?
2
What is the hundreds digit of 1348?
3
What is the tens digit of 724?
2
What is the tens digit of 774?
7
What is the thousands digit of 4168?
4
What is the tens digit of 2553?
5
What is the units digit of 959?
9
What is the tens digit of 9581?
8
What is the tens digit of 28804?
0
What is the tens digit of 1468?
6
What is the hundreds digit of 2937?
9
What is the units digit of 491?
1
What is the thousands digit of 41783?
1
What is the ten thousands digit of 14022?
1
What is the units digit of 17287?
7
What is the units digit of 14284?
4
What is the tens digit of 28990?
9
What is the thousands digit of 14301?
4
What is the thousands digit of 98924?
8
What is the units digit of 570?
0
What is the units digit of 21391?
1
What is the ten thousands digit of 18860?
1
What is the hundreds digit of 15939?
9
What is the units digit of 2192?
2
What is the tens digit of 1990?
9
What is the units digit of 1216?
6
What is the hundreds digit of 3032?
0
What is the tens digit of 379?
7
What is the units digit of 70?
0
What is the tens digit of 4800?
0
What is the hundreds digit of 1684?
6
What is the hundreds digit of 703?
7
What is the units digit of 178?
8
What is the tens digit of 2698?
9
What is the tens digit of 7254?
5
What is the units digit of 585?
5
What is the units digit of 687?
7
What is the hundreds digit of 8348?
3
What is the tens digit of 8876?
7
What is the hundreds digit of 2616?
6
What is the hundreds digit of 1378?
3
What is the units digit of 7803?
3
What is the tens digit of 12649?
4
What is the thousands digit of 1262?
1
What is the tens digit of 5465?
6
What is the units digit of 1455?
5
What is the hundreds digit of 1230?
2
What is the units digit of 646?
6
What is the units digit of 8664?
4
What is the thousands digit of 2187?
2
What is the ten thousands digit of 65792?
6
What is the units digit of 635?
5
What is the tens digit of 758?
5
What is the hundreds digit of 38757?
7
What is the tens digit of 1651?
5
What is the tens digit of 3577?
7
What is the hundreds digit of 6896?
8
What is the hundreds digit of 68037?
0
What is the tens digit of 6523?
2
What is the hundreds digit of 774?
7
What is the units digit of 1399?
9
What is the tens digit of 152144?
4
What is the units digit of 58761?
1
What is the units digit of 4891?
1
What is the tens digit of 39559?
5
What is the thousands digit of 84567?
4
What is the ten thousands digit of 12739?
1
What is the ten thousands digit of 28531?
2
What is the tens digit of 57131?
3
What is the hundreds digit of 1597?
5
What is the thousands digit of 81435?
1
What is the hundreds digit 